lculate the remainder when 195434 is divided by 344.
42
Calculate the remainder when 1135507 is divided by 378.
373
What is the remainder when 8931 is divided by 18?
3
What is the remainder when 1363 is divided by 1156?
207
What is the remainder when 11075 is divided by 1545?
260
What is the remainder when 2523 is divided by 1072?
379
Calculate the remainder when 1188713 is divided by 6.
5
What is the remainder when 971806 is divided by 12?
10
Calculate the remainder when 15013 is divided by 43.
6
Calculate the remainder when 29546 is divided by 1499.
1065
Calculate the remainder when 30151 is divided by 10030.
61
Calculate the remainder when 4847 is divided by 146.
29
Calculate the remainder when 25475 is divided by 392.
387
Calculate the remainder when 11657 is divided by 1162.
37
What is the remainder when 1592 is divided by 409?
365
What is the remainder when 14913 is divided by 653?
547
What is the remainder when 6786 is divided by 328?
226
Calculate the remainder when 1873 is divided by 188.
181
Calculate the remainder when 2081180 is divided by 8.
4
Calculate the remainder when 45735 is divided by 123.
102
What is the remainder when 21149 is divided by 150?
149
What is the remainder when 706 is divided by 205?
91
What is the remainder when 40241 is divided by 442?
19
Calculate the remainder when 4075 is divided by 1357.
4
What is the remainder when 5338 is divided by 741?
151
What is the remainder when 132854 is divided by 26?
20
Calculate the remainder when 4770 is divided by 26.
12
Calculate the remainder when 49710 is divided by 371.
367
What is the remainder when 11455 is divided by 267?
241
What is the remainder when 108330 is divided by 7?
5
What is the remainder when 4245599 is divided by 1392?
1391
Calculate the remainder when 46055 is divided by 118.
35
What is the remainder when 301355 is divided by 255?
200
What is the remainder when 161026 is divided by 756?
754
Calculate the remainder when 38266 is divided by 215.
211
What is the remainder when 24120 is divided by 8023?
51
What is the remainder when 10878 is divided by 198?
186
What is the remainder when 32632 is divided by 6520?
32
Calculate the remainder when 977 is divided by 867.
110
What is the remainder when 14263 is divided by 31?
3
Calculate the remainder when 7259 is divided by 186.
5
Calculate the remainder when 160368 is divided by 2110.
8
Calculate the remainder when 74 is divided by 18.
2
Calculate the remainder when 319197 is divided by 39.
21
Calculate the remainder when 2850 is divided by 641.
286
What is the remainder when 5362 is divided by 278?
80
What is the remainder when 626 is divided by 103?
8
Calculate the remainder when 553202 is divided by 183.
176
What is the remainder when 175177 is divided by 87572?
33
What is the remainder when 40839 is divided by 445?
344
Calculate the remainder when 9144 is divided by 176.
168
Calculate the remainder when 319765 is divided by 19985.
5
What is the remainder when 119446 is divided by 44?
30
Calculate the remainder when 73371 is divided by 720.
651
Calculate the remainder when 1528 is divided by 73.
68
Calculate the remainder when 1328803 is divided by 85.
83
What is the remainder when 2405 is divided by 270?
245
Calculate the remainder when 357856 is divided by 27.
25
Calculate the remainder when 6307 is divided by 11.
4
What is the remainder when 217573 is divided by 8?
5
What is the remainder when 18620 is divided by 6206?
2
Calculate the remainder when 39511 is divided by 859.
856
What is the remainder when 85602 is divided by 212?
166
Calculate the remainder when 11341 is divided by 83.
53
Calculate the remainder when 100780 is divided by 969.
4
Calculate the remainder when 11409 is divided by 5692.
25
What is the remainder when 42161 is divided by 71?
58
Calculate the remainder when 83159 is divided by 15.
14
What is the remainder when 603 is divided by 309?
294
What is the remainder when 7068 is divided by 1589?
712
Calculate the remainder when 3136 is divided by 92.
8
Calculate the remainder when 40236 is divided by 40204.
32
What is the remainder when 27898 is divided by 213?
208
Calculate the remainder when 150597 is divided by 67.
48
What is the remainder when 252586 is divided by 93?
91
What is the remainder when 12638 is divided by 392?
94
Calculate the remainder when 3483 is divided by 31.
11
What is the remainder when 20919 is divided by 10?
9
Calculate the remainder when 63905 is divided by 27.
23
What is the remainder when 17041 is divided by 1?
0
Calculate the remainder when 23596 is divided by 65.
1
Calculate the remainder when 163915 is divided by 303.
295
Calculate the remainder when 290595 is divided by 34.
31
Calculate the remainder when 3092 is divided by 635.
552
Calculate the remainder when 128371 is divided by 8.
3
What is the remainder when 648 is divided by 568?
80
What is the remainder when 324929 is divided by 13538?
17
Calculate the remainder when 14125 is divided by 707.
692
Calculate the remainder when 1236 is divided by 319.
279
Calculate the remainder when 9470 is divided by 250.
220
Calculate the remainder when 12112 is divided by 5.
2
What is the remainder when 4130 is divided by 142?
12
What is the remainder when 490 is divided by 66?
28
What is the remainder when 4468 is divided by 182?
100
What is the remainder when 3435 is divided by 188?
51
What is the remainder when 3173 is divided by 1581?
11
Calculate the remainder when 2896 is divided by 251.
135
Calculate the remainder when 2129 is divided by 393.
164
What is the remainder when 610904 is divided by 194?
192
Calculate the remainder when 11244 is divided by 29.
21
Calculate the remainder when 2702 is divided by 81.
29
Calculate the remainder when 69108 is divided by 270.
258
What is the remainder when 3368 is divided by 967?
467
What is the remainder when 1197519 is divided by 10?
9
What is the remainder when 96340 is divided by 110?
90
Calculate the remainder when 18242 is divided by 761.
739
What is the remainder when 39411 is divided by 117?
99
Calculate the remainder when 13030 is divided by 56.
38
What is the remainder when 8312 is divided by 411?
92
What is the remainder when 115224 is divided by 34?
32
What is the remainder when 295583 is divided by 48?
47
What is the remainder when 22755 is divided by 345?
330
Calculate the remainder when 3119 is divided by 347.
343
Calculate the remainder when 7939 is divided by 396.
19
What is the remainder when 2794 is divided by 400?
394
What is the remainder when 7242 is divided by 21?
18
What is the remainder when 2399 is divided by 50?
49
What is the remainder when 2677 is divided by 46?
9
Calculate the remainder when 298435 is divided by 37300.
35
Calculate the remainder when 68677 is divided by 54.
43
What is the remainder when 13013 is divided by 118?
33
Calculate the remainder when 1460 is divided by 371.
347
Calculate the remainder when 1708 is divided by 779.
150
What is the remainder when 8453 is divided by 64?
5
Calculate the remainder when 65609 is divided by 243.
242
What is the remainder when 27744 is divided by 544?
0
What is the remainder when 18233 is divided by 228?
221
What is the remainder when 4284708 is divided by 1079?
1078
Calculate the remainder when 491727 is divided by 261.
3
What is the remainder when 2623 is divided by 162?
31
What is the remainder when 67905 is divided by 427?
12
What is the remainder when 133631 is divided by 128?
127
What is the remainder when 7369 is divided by 81?
79
What is the remainder when 5774 is divided by 22?
10
Calculate the remainder when 95548 is divided by 10606.
94
What is the remainder when 28311 is divided by 9434?
9
Calculate the remainder when 649 is divided by 1.
0
Calculate the remainder when 496763 is divided by 298.
295
What is the remainder when 34990 is divided by 29?
16
Calculate the remainder when 127710 is divided by 127674.
36
Calculate the remainder when 46121 is divided by 2712.
17
What is the remainder when 196141 is divided by 598?
595
Calculate the remainder when 369796 is divided by 23.
2
What is the remainder when 28457 is divided by 1056?
1001
Calculate the remainder when 21847 is divided by 21434.
413
Calculate the remainder when 17188 is divided by 615.
583
What is the remainder w